{"id":90,"date":"2021-04-09T15:30:31","date_gmt":"2021-04-09T13:30:31","guid":{"rendered":"https:\/\/recette.ecoleprimairesaintemarie.fr\/?page_id=90"},"modified":"2024-08-28T08:23:24","modified_gmt":"2024-08-28T06:23:24","slug":"restauration","status":"publish","type":"page","link":"https:\/\/recette.ecoleprimairesaintemarie.fr\/index.php\/informations-pratiques\/restauration\/","title":{"rendered":"Restauration"},"content":{"rendered":"\n<p>Les repas sont pr\u00e9par\u00e9s par une soci\u00e9t\u00e9 de restauration dans les cuisines municipales. Ils sont servis sur les 2 sites&nbsp;: classes maternelles et classes primaires.<\/p>\n\n\n\n<p>Les enfants s\u2019inscrivent le matin.<\/p>\n\n\n\n<ul class=\"wp-block-list\">\n<li><strong>Prix du repas&nbsp;:<\/strong><\/li>\n<\/ul>\n\n\n\n<p><strong>4,20 \u20ac<\/strong> pour la rentr\u00e9e 2024-2025<\/p>\n\n\n\n<p>(changement de tarif en septembre)<\/p>\n\n\n\n<figure class=\"wp-block-image size-full\"><img loading=\"lazy\" decoding=\"async\" width=\"767\" height=\"389\" src=\"https:\/\/recette.ecoleprimairesaintemarie.fr\/wp-content\/uploads\/2021\/10\/cantine.jpg\" alt=\"\" class=\"wp-image-600\" srcset=\"https:\/\/recette.ecoleprimairesaintemarie.fr\/wp-content\/uploads\/2021\/10\/cantine.jpg 767w, https:\/\/recette.ecoleprimairesaintemarie.fr\/wp-content\/uploads\/2021\/10\/cantine-300x152.jpg 300w\" sizes=\"auto, (max-width: 767px) 100vw, 767px\" \/><\/figure>\n","protected":false},"excerpt":{"rendered":"<p>Les repas sont pr\u00e9par\u00e9s par une soci\u00e9t\u00e9 de restauration dans les cuisines municipales. Ils sont servis sur les 2 sites&nbsp;: classes maternelles et classes primaires. Les enfants s\u2019inscrivent le matin.<a class=\"more-link\" href=\"https:\/\/recette.ecoleprimairesaintemarie.fr\/index.php\/informations-pratiques\/restauration\/\">Lire la suite de <span class=\"screen-reader-text\">&#8220;Restauration&#8221;<\/span><\/a><\/p>\n","protected":false},"author":2,"featured_media":0,"parent":165,"menu_order":0,"comment_status":"closed","ping_status":"closed","template":"","meta":{"footnotes":""},"class_list":["post-90","page","type-page","status-publish","hentry"],"_links":{"self":[{"href":"https:\/\/recette.ecoleprimairesaintemarie.fr\/index.php\/wp-json\/wp\/v2\/pages\/90","targetHints":{"allow":["GET"]}}],"collection":[{"href":"https:\/\/recette.ecoleprimairesaintemarie.fr\/index.php\/wp-json\/wp\/v2\/pages"}],"about":[{"href":"https:\/\/recette.ecoleprimairesaintemarie.fr\/index.php\/wp-json\/wp\/v2\/types\/page"}],"author":[{"embeddable":true,"href":"https:\/\/recette.ecoleprimairesaintemarie.fr\/index.php\/wp-json\/wp\/v2\/users\/2"}],"replies":[{"embeddable":true,"href":"https:\/\/recette.ecoleprimairesaintemarie.fr\/index.php\/wp-json\/wp\/v2\/comments?post=90"}],"version-history":[{"count":10,"href":"https:\/\/recette.ecoleprimairesaintemarie.fr\/index.php\/wp-json\/wp\/v2\/pages\/90\/revisions"}],"predecessor-version":[{"id":1304,"href":"https:\/\/recette.ecoleprimairesaintemarie.fr\/index.php\/wp-json\/wp\/v2\/pages\/90\/revisions\/1304"}],"up":[{"embeddable":true,"href":"https:\/\/recette.ecoleprimairesaintemarie.fr\/index.php\/wp-json\/wp\/v2\/pages\/165"}],"wp:attachment":[{"href":"https:\/\/recette.ecoleprimairesaintemarie.fr\/index.php\/wp-json\/wp\/v2\/media?parent=90"}],"curies":[{"name":"wp","href":"https:\/\/api.w.org\/{rel}","templated":true}]}}