{"id":225,"date":"2021-04-12T17:24:16","date_gmt":"2021-04-12T15:24:16","guid":{"rendered":"https:\/\/recette.ecoleprimairesaintemarie.fr\/?page_id=225"},"modified":"2021-04-12T17:24:16","modified_gmt":"2021-04-12T15:24:16","slug":"pastorale","status":"publish","type":"page","link":"https:\/\/recette.ecoleprimairesaintemarie.fr\/index.php\/pastorale\/","title":{"rendered":"Pastorale"},"content":{"rendered":"\n<h2 class=\"wp-block-heading\">Cat\u00e9ch\u00e8se<\/h2>\n\n\n\n<figure class=\"wp-block-image size-large\"><a href=\"https:\/\/recette.ecoleprimairesaintemarie.fr\/index.php\/catechese\/\"><img loading=\"lazy\" decoding=\"async\" width=\"680\" height=\"375\" src=\"https:\/\/recette.ecoleprimairesaintemarie.fr\/wp-content\/uploads\/2021\/04\/cate.jpg\" alt=\"\" class=\"wp-image-226\" srcset=\"https:\/\/recette.ecoleprimairesaintemarie.fr\/wp-content\/uploads\/2021\/04\/cate.jpg 680w, https:\/\/recette.ecoleprimairesaintemarie.fr\/wp-content\/uploads\/2021\/04\/cate-300x165.jpg 300w\" sizes=\"auto, (max-width: 680px) 100vw, 680px\" \/><\/a><\/figure>\n\n\n\n<h2 class=\"wp-block-heading\">Eveil \u00e0 la Foi<\/h2>\n\n\n\n<figure class=\"wp-block-image size-large\"><a href=\"https:\/\/recette.ecoleprimairesaintemarie.fr\/index.php\/eveil-a-la-foi\/\"><img loading=\"lazy\" decoding=\"async\" width=\"596\" height=\"293\" src=\"https:\/\/recette.ecoleprimairesaintemarie.fr\/wp-content\/uploads\/2021\/04\/Eveil.png\" alt=\"\" class=\"wp-image-227\" srcset=\"https:\/\/recette.ecoleprimairesaintemarie.fr\/wp-content\/uploads\/2021\/04\/Eveil.png 596w, https:\/\/recette.ecoleprimairesaintemarie.fr\/wp-content\/uploads\/2021\/04\/Eveil-300x147.png 300w\" sizes=\"auto, (max-width: 596px) 100vw, 596px\" \/><\/a><\/figure>\n\n\n\n<p><\/p>\n","protected":false},"excerpt":{"rendered":"<p>Cat\u00e9ch\u00e8se Eveil \u00e0 la Foi<\/p>\n","protected":false},"author":1,"featured_media":0,"parent":0,"menu_order":0,"comment_status":"closed","ping_status":"closed","template":"","meta":{"footnotes":""},"class_list":["post-225","page","type-page","status-publish","hentry"],"_links":{"self":[{"href":"https:\/\/recette.ecoleprimairesaintemarie.fr\/index.php\/wp-json\/wp\/v2\/pages\/225","targetHints":{"allow":["GET"]}}],"collection":[{"href":"https:\/\/recette.ecoleprimairesaintemarie.fr\/index.php\/wp-json\/wp\/v2\/pages"}],"about":[{"href":"https:\/\/recette.ecoleprimairesaintemarie.fr\/index.php\/wp-json\/wp\/v2\/types\/page"}],"author":[{"embeddable":true,"href":"https:\/\/recette.ecoleprimairesaintemarie.fr\/index.php\/wp-json\/wp\/v2\/users\/1"}],"replies":[{"embeddable":true,"href":"https:\/\/recette.ecoleprimairesaintemarie.fr\/index.php\/wp-json\/wp\/v2\/comments?post=225"}],"version-history":[{"count":1,"href":"https:\/\/recette.ecoleprimairesaintemarie.fr\/index.php\/wp-json\/wp\/v2\/pages\/225\/revisions"}],"predecessor-version":[{"id":229,"href":"https:\/\/recette.ecoleprimairesaintemarie.fr\/index.php\/wp-json\/wp\/v2\/pages\/225\/revisions\/229"}],"wp:attachment":[{"href":"https:\/\/recette.ecoleprimairesaintemarie.fr\/index.php\/wp-json\/wp\/v2\/media?parent=225"}],"curies":[{"name":"wp","href":"https:\/\/api.w.org\/{rel}","templated":true}]}}