{"id":1120,"date":"2023-07-09T22:54:49","date_gmt":"2023-07-09T20:54:49","guid":{"rendered":"https:\/\/recette.ecoleprimairesaintemarie.fr\/?page_id=1120"},"modified":"2024-09-29T18:16:15","modified_gmt":"2024-09-29T16:16:15","slug":"inscription-aux-matinees-travaux","status":"publish","type":"page","link":"https:\/\/recette.ecoleprimairesaintemarie.fr\/index.php\/inscription-aux-matinees-travaux\/","title":{"rendered":"Inscription aux matin\u00e9es travaux"},"content":{"rendered":"\n<p>Pour pouvoir accueillir vos enfants dans les meilleures conditions tout au long de l\u2019ann\u00e9e, la commission travaux de l\u2019OGEC sollicite l\u2019aide des parents pour des petits travaux d\u2019entretien, de nettoyage int\u00e9rieur et ext\u00e9rieur, de petites r\u00e9parations ou d\u2019\u00e9quipement \u2026 Ces matin\u00e9es conviviales sont propices aux rencontres et permettent des \u00e9conomies. Ainsi, l\u2019OGEC peut financer et confier aux professionnels locaux les plus gros projets tout en ma\u00eetrisant les contributions des familles.<\/p>\n\n\n\n<p>Pour nous aider en 2024\/2025 lors ces matin\u00e9es, merci de remplir le formulaire ci-dessous et de s\u00e9lectionner une ou plusieurs dates.<\/p>\n\n\n\n<div class=\"forminator-guttenberg\"><\/div>\n\n\n\n<div class=\"forminator-guttenberg\"><form id=\"forminator-module-1313\" class=\"forminator-custom-form forminator-custom-form-1313\" method=\"post\" data-forminator-render=\"0\" data-uid=\"69da4809e6523\"><div role=\"alert\" aria-live=\"polite\" class=\"forminator-response-message forminator-error\" aria-hidden=\"true\"><\/div><\/form><\/div>\n","protected":false},"excerpt":{"rendered":"<p>Pour pouvoir accueillir vos enfants dans les meilleures conditions tout au long de l\u2019ann\u00e9e, la commission travaux de l\u2019OGEC sollicite l\u2019aide des parents pour des petits travaux d\u2019entretien, de nettoyage<a class=\"more-link\" href=\"https:\/\/recette.ecoleprimairesaintemarie.fr\/index.php\/inscription-aux-matinees-travaux\/\">Lire la suite de <span class=\"screen-reader-text\">&#8220;Inscription aux matin\u00e9es travaux&#8221;<\/span><\/a><\/p>\n","protected":false},"author":1,"featured_media":916,"parent":0,"menu_order":0,"comment_status":"closed","ping_status":"closed","template":"","meta":{"footnotes":""},"class_list":["post-1120","page","type-page","status-publish","has-post-thumbnail","hentry"],"_links":{"self":[{"href":"https:\/\/recette.ecoleprimairesaintemarie.fr\/index.php\/wp-json\/wp\/v2\/pages\/1120","targetHints":{"allow":["GET"]}}],"collection":[{"href":"https:\/\/recette.ecoleprimairesaintemarie.fr\/index.php\/wp-json\/wp\/v2\/pages"}],"about":[{"href":"https:\/\/recette.ecoleprimairesaintemarie.fr\/index.php\/wp-json\/wp\/v2\/types\/page"}],"author":[{"embeddable":true,"href":"https:\/\/recette.ecoleprimairesaintemarie.fr\/index.php\/wp-json\/wp\/v2\/users\/1"}],"replies":[{"embeddable":true,"href":"https:\/\/recette.ecoleprimairesaintemarie.fr\/index.php\/wp-json\/wp\/v2\/comments?post=1120"}],"version-history":[{"count":10,"href":"https:\/\/recette.ecoleprimairesaintemarie.fr\/index.php\/wp-json\/wp\/v2\/pages\/1120\/revisions"}],"predecessor-version":[{"id":1349,"href":"https:\/\/recette.ecoleprimairesaintemarie.fr\/index.php\/wp-json\/wp\/v2\/pages\/1120\/revisions\/1349"}],"wp:featuredmedia":[{"embeddable":true,"href":"https:\/\/recette.ecoleprimairesaintemarie.fr\/index.php\/wp-json\/wp\/v2\/media\/916"}],"wp:attachment":[{"href":"https:\/\/recette.ecoleprimairesaintemarie.fr\/index.php\/wp-json\/wp\/v2\/media?parent=1120"}],"curies":[{"name":"wp","href":"https:\/\/api.w.org\/{rel}","templated":true}]}}